he tens digit of 8642350?
5
What is the ten thousands digit of 6631160?
3
What is the ten thousands digit of 1758798?
5
What is the tens digit of 291513?
1
What is the ten thousands digit of 644035?
4
What is the hundred thousands digit of 1626575?
6
What is the millions digit of 1107363?
1
What is the units digit of 1645603?
3
What is the hundreds digit of 9625370?
3
What is the thousands digit of 14387026?
7
What is the ten millions digit of 14412480?
1
What is the millions digit of 1198691?
1
What is the tens digit of 5910403?
0
What is the ten thousands digit of 175320?
7
What is the hundreds digit of 189365?
3
What is the ten thousands digit of 1111374?
1
What is the tens digit of 2421572?
7
What is the thousands digit of 2374874?
4
What is the hundred thousands digit of 1335553?
3
What is the thousands digit of 2693043?
3
What is the hundreds digit of 4396?
3
What is the tens digit of 21368710?
1
What is the ten thousands digit of 2306906?
0
What is the hundred thousands digit of 5906987?
9
What is the hundred thousands digit of 717419?
7
What is the hundred thousands digit of 257080?
2
What is the ten thousands digit of 15283989?
8
What is the ten thousands digit of 6270369?
7
What is the tens digit of 7264738?
3
What is the units digit of 1947191?
1
What is the hundreds digit of 14748336?
3
What is the units digit of 308584?
4
What is the hundreds digit of 17535?
5
What is the tens digit of 23078?
7
What is the units digit of 786780?
0
What is the units digit of 419506?
6
What is the tens digit of 13671882?
8
What is the hundreds digit of 76671?
6
What is the hundred thousands digit of 1783175?
7
What is the hundred thousands digit of 18770115?
7
What is the ten thousands digit of 5171326?
7
What is the hundreds digit of 11252?
2
What is the ten thousands digit of 1825791?
2
What is the tens digit of 1194623?
2
What is the thousands digit of 13369264?
9
What is the units digit of 15339?
9
What is the thousands digit of 378879?
8
What is the millions digit of 2437440?
2
What is the thousands digit of 8512123?
2
What is the ten thousands digit of 73792?
7
What is the tens digit of 1401104?
0
What is the hundred thousands digit of 305827?
3
What is the hundreds digit of 179953?
9
What is the hundreds digit of 205195?
1
What is the thousands digit of 5504641?
4
What is the thousands digit of 1083049?
3
What is the hundreds digit of 6221354?
3
What is the units digit of 2576444?
4
What is the thousands digit of 188513?
8
What is the hundred thousands digit of 2294469?
2
What is the ten thousands digit of 425037?
2
What is the units digit of 574376?
6
What is the thousands digit of 3033824?
3
What is the ten thousands digit of 1008640?
0
What is the units digit of 4403042?
2
What is the hundred thousands digit of 113588?
1
What is the ten thousands digit of 454489?
5
What is the hundred thousands digit of 7802270?
8
What is the units digit of 365459?
9
What is the units digit of 24465886?
6
What is the thousands digit of 23883204?
3
What is the units digit of 5974537?
7
What is the tens digit of 323579?
7
What is the hundreds digit of 7298312?
3
What is the hundred thousands digit of 947706?
9
What is the units digit of 29306?
6
What is the hundreds digit of 520243?
2
What is the hundreds digit of 27016771?
7
What is the thousands digit of 641706?
1
What is the hundreds digit of 748595?
5
What is the hundreds digit of 624400?
4
What is the thousands digit of 215915?
5
What is the hundreds digit of 1324510?
5
What is the units digit of 1283238?
8
What is the millions digit of 1480256?
1
What is the units digit of 8954327?
7
What is the thousands digit of 13628072?
8
What is the tens digit of 5108713?
1
What is the thousands digit of 6083649?
3
What is the tens digit of 793134?
3
What is the hundred thousands digit of 5889090?
8
What is the hundred thousands digit of 1046255?
0
What is the units digit of 8498448?
8
What is the tens digit of 1001835?
3
What is the tens digit of 247604?
0
What is the ten thousands digit of 3273040?
7
What is the millions digit of 6806198?
6
What is the hundreds digit of 5577261?
2
What is the units digit of 15561856?
6
What is the tens digit of 632317?
1
What is the units digit of 1606798?
8
What is the ten thousands digit of 156345?
5
What is the hundred thousands digit of 555311?
5
What is the thousands digit of 1522837?
2
What is the hundred thousands digit of 5719080?
7
What is the tens digit of 17930818?
1
What is the ten thousands digit of 795070?
9
What is the thousands digit of 6161753?
1
What is the thousands digit of 6032695?
2
What is the hundred thousands digit of 1311143?
3
What is the hundred thousands digit of 441349?
4
What is the ten thousands digit of 121357?
2
What is the ten thousands digit of 2311208?
1
What is the millions digit of 2986492?
2
What is the thousands digit of 836209?
6
What is the ten thousands digit of 169150?
6
What is the thousands digit of 1779540?
9
What is the hundred thousands digit of 12011274?
0
What is the ten thousands digit of 1341795?
4
What is the tens digit of 115195?
9
What is the thousands digit of 534279?
4
What is the ten thousands digit of 999704?
9
What is the thousands digit of 202641?
2
What is the tens digit of 114505?
0
What is the thousands digit of 13752973?
2
What is the thousands digit of 1486801?
6
What is the ten thousands digit of 204529?
0
What is the ten thousands digit of 514541?
1
What is the hundreds digit of 259661?
6
What is the ten thousands digit of 28570298?
7
What is the tens digit of 667265?
6
What is the millions digit of 4621969?
4
What is the hundred thousands digit of 14104539?
1
What is the thousands digit of 6632568?
2
What is the thousands digit of 1158931?
8
What is the thousands digit of 95361?
5
What is the hundreds digit of 138553?
5
What is the hundred thousands digit of 514108?
5
What is the hundreds digit of 394696?
6
What is the ten thousands digit of 78221?
7
What is the hundred thousands digit of 1041733?
0
What is the ten thousands digit of 724749?
2
What is the millions digit of 4503735?
4
What is the millions digit of 5555911?
5
What is the millions digit of 9602791?
9
What is the thousands digit of 8359349?
9
What is the hundred thousands digit of 143657?
1
What is the hundred thousands digit of 387449?
3
What is the units digit of 344886?
6
What is the millions digit of 21167939?
1
What is the tens digit of 130240?
4
What is the hundreds digit of 994344?
3
What is the tens digit of 5991630?
3
What is the hundred thousands digit of 210140?
2
What is the ten millions digit of 19829871?
1
What is the units digit of 17823164?
4
What is the hundred thousands digit of 540440?
5
What is the tens digit of 546615?
1
What is the units digit of 1310036?
6
What is the hundreds digit of 1822874?
8
What is the units digit of 35193?
3
What is the thousands digit of 29939?
9
What is the units digit of 688192?
2
What is the hundreds digit of 364252?
2
What is the ten thousands digit of 8116489?
1
What is the millions digit of 5474889?
5
What is the tens digit of 1724201?
0
What is the hundreds digit of 73326?
3
What is the hundred thousands digit of 8757224?
7
What is the hundred thousands digit of 1135828?
1
What is the ten thousands digit of 162379?
6
What is the ten thousands digit of 3830045?
3
What is the thousands digit of 2671601?
1
What is the thousands digit of 25492774?
2
What is the hundred thousands digit of 1022987?
0
What is the hundred thousands digit of 3223531?
2
What is the hundred thousands digit of 187276?
1
What is the thousands digit of 2416500?
6
What is the thousands digit of 4988243?
8
What is the ten thousands digit of 1032062?
3
What is the ten thousands digit of 456372?
5
What is the thousands digit of 1536187?
6
What is the hundred thousands digit of 6541865?
5
What is the millions digit of 2800604?
2
What is the units digit of 2199566?
6
What is the millions digit of 9683720?
9
What is the hundred thousands digit of 193908?
1
What is the hundreds digit of 13354017?
0
What is the millions digit of 14548178?
4
What is the ten thousands digit of 127290?
2
What is the tens digit of 175300?
0
What is the ten thousands digit of 10019760?
1
What is the ten thousands digit of 1080564?
8
What is the hun